est common divisor of 29 and i?
29
Let o = -67 - -70. Calculate the highest common factor of o and 33.
3
Let s(c) be the second derivative of 99*c**5/20 - c**4/12 - 3*c. Let v be s(1). Calculate the highest common factor of 14 and v.
14
Suppose -5*j = -2*z + 5 - 25, 4*j - 16 = 3*z. Let t be j/(-14)*(6 - 20). What is the greatest common factor of 44 and t?
4
Let t = -7 - -15. Suppose -3*y + 12 = y - 4*g, 3*g = -9. Let i be 0 + 3 + (y - -5). Calculate the greatest common factor of t and i.
8
Suppose -4*d + 0*z = -2*z - 14, -4*z + 8 = 4*d. Suppose 0 = -3*s + d, 3*s - 7*s + 100 = 4*j. Calculate the highest common divisor of j and 120.
24
Let u(i) = i + 9. Let j be u(-5). Suppose 14 = -4*x + g, -x + 0*x + j*g + 4 = 0. Let w be ((-42)/4)/(3/x). What is the greatest common divisor of 14 and w?
14
Let b be 8/10*(-10)/(-4). Suppose -b*o = -14 - 10. What is the highest common factor of o and 18?
6
Suppose -4*d + 8 = 3*o, 0 - 4 = -5*o - 2*d. Suppose 5*l - 9*l + 468 = o. Calculate the greatest common factor of l and 13.
13
Suppose -125 - 119 = -5*p - 2*z, 3*p + 4*z = 138. Calculate the highest common factor of p and 20.
10
Let x = 14 - 8. Calculate the greatest common divisor of 6 and x.
6
Suppose 5*p = -4*d + 80 + 12, 3*d + 5*p = 74. Calculate the greatest common divisor of 126 and d.
18
Let f be 28/(-3)*(-45)/10. Calculate the highest common factor of f and 28.
14
Suppose -i = -2*j + 5, 2*i - j = -2*i + 8. Suppose 0 = -2*u - 2*k + 62, 43 + 79 = 4*u + i*k. Calculate the highest common factor of u and 87.
29
Suppose 1 = 2*o - 79. Suppose -4*w + 0*w + o = 0. Calculate the highest common factor of 4 and w.
2
Let l = 9 + -5. Suppose -16 = -l*w - 0. Suppose -5*z = 5*c - 415, -6*z + z - w*c + 416 = 0. What is the greatest common factor of z and 12?
12
Suppose 2*g + 12 = 5*g. Suppose -g*t + 3*u - 2*u + 176 = 0, 2*u = 5*t - 217. Calculate the greatest common factor of t and 5.
5
Suppose 2*y - 16 - 48 = 0. Suppose -5*d = -d - y. What is the highest common factor of 56 and d?
8
Let n(y) = y + 6. Let h be n(-6). Suppose 4*l + 4*b - 59 = b, -2*b + 10 = h. What is the greatest common factor of 55 and l?
11
Suppose 109 = 4*r - 5*f, 3*r + 0*f = 5*f + 83. Suppose 0 = -5*y - 5*p + 385, -2*y - y + 5*p + 239 = 0. What is the highest common divisor of r and y?
26
Let u(m) = m**2 + 6*m + 3. Let n be u(-6). Let k be -2 + 3 - n - 103. Let c = k + 204. What is the highest common factor of 11 and c?
11
Suppose 4*z - 3*z - 48 = 0. What is the highest common divisor of 24 and z?
24
Let a = -29 - -89. Suppose j - 5*j = -488. Let u be 4/(-16) - j/(-8). Calculate the greatest common factor of a and u.
15
Suppose -48 = -u - 15. Calculate the greatest common divisor of u and 3.
3
Suppose k + 2*m - 93 = 0, 60 + 246 = 3*k - 3*m. Suppose -9*n = -6*n - 27. What is the greatest common divisor of n and k?
9
Let x(y) = 6*y - 10. Let v(s) = -31*s + 50. Let p(k) = 2*v(k) + 11*x(k). Let w be p(5). Calculate the greatest common factor of w and 10.
10
Let f be 4/16 + 642/24. What is the greatest common factor of 81 and f?
27
Suppose 0 = 3*x + x - 84. Suppose 3*h = -x + 147. Calculate the highest common factor of h and 6.
6
Let f be 14*2/(-6)*-3. Calculate the greatest common divisor of 7 and f.
7
Suppose -2*t + 7 + 13 = 0. Let v = 207 + -97. Calculate the highest common factor of v and t.
10
Let t = -204 + 292. Suppose -24 = -4*n - 4*x, n + 5*x = -0*n + 22. Let w be (2/n)/2*22. What is the highest common divisor of t and w?
11
Let i = 105 + -100. What is the greatest common divisor of 10 and i?
5
Suppose 15 = 5*g + 5. Let l be (1*-1)/(5/(-10)). What is the greatest common divisor of l and g?
2
Suppose -21 = -3*u - 3*p, -2*p - 2*p + 37 = 5*u. Calculate the highest common factor of 63 and u.
9
Let i = 5 - 3. Let n(g) = -5*g - 2*g**3 - 4*g**i + 1 + g**2 - 5. Let m be n(-3). Calculate the greatest common divisor of m and 95.
19
Suppose n = -0*n - 5*q - 13, -4*q = 5*n + 2. Suppose n*h - 16 = -x + 9, -2*h - 65 = -5*x. What is the greatest common factor of x and 135?
15
Suppose -7*v + 13*v = 690. Calculate the highest common divisor of v and 46.
23
Suppose -2*t = n - 0*t - 3, 3*n - 5 = -2*t. Let j(v) = v**3 + 4*v**2 - 3*v - 5. Let c be j(-4). Calculate the highest common divisor of c and n.
1
Let t(s) = 6*s + 14. Let l be t(6). Calculate the greatest common divisor of 10 and l.
10
Let h(n) = -n**3 + n + 6. Let r be h(0). Let q = -5 + r. Let l = 10 + -1. Calculate the greatest common divisor of l and q.
1
Let h = -3 - -23. Calculate the greatest common factor of h and 4.
4
Suppose 2 = -2*r - 3*n, -n + 8 = -3*n. Suppose 4*k - 121 = 3*s, r*s = -0*k + 3*k - 99. Calculate the greatest common factor of k and 70.
14
Let u be (28/16)/((-2)/(-104)). What is the highest common factor of u and 13?
13
Suppose w + w = -5*a + 83, 0 = -5*a - 5*w + 80. What is the greatest common divisor of a and 51?
17
Let v(p) = -5*p - 30. Let b be v(-7). What is the greatest common divisor of b and 85?
5
Let j be 26/2 - 1/1. Let u = 402 - 366. Calculate the greatest common divisor of u and j.
12
Let g = 7 - 5. Let o(c) = c + 1. Let f(h) = 6*h**3 + h**2 + 4*h + 1. Let y(r) = f(r) - 2*o(r). Let s be y(g). What is the greatest common factor of 11 and s?
11
Let p(d) be the second derivative of d**4/4 + 5*d**3/6 + 5*d**2/2 + 15*d. Let b = -8 - -4. Let l be p(b). Calculate the greatest common divisor of 11 and l.
11
Let o(w) = w**3 - 2*w**2 - 3*w - 3. Let x be o(4). Suppose -3*a + 4 = 1, -173 = -2*h - 3*a. Calculate the highest common factor of x and h.
17
Suppose 7 + 13 = 2*b. Let j be 5/(-2)*(-20)/2. Calculate the greatest common factor of j and b.
5
Let p be (-1 - 46/6)/(22/(-33)). What is the greatest common divisor of 143 and p?
13
Let b be 1*2 - (-60 + 3). Let j = 82 - b. Suppose 0 = 5*t - 3*a - 1265, 1012 = 4*t - 6*a + a. What is the greatest common divisor of t and j?
23
Suppose 20*g - 25*g = -95. Calculate the greatest common factor of 171 and g.
19
Suppose 2*a - 3 = 3. Let g = 0 + a. Suppose -4*f = -z - g*z + 32, 26 = 3*z - 4*f. Calculate the highest common divisor of z and 66.
6
Let d be (-17)/(-2) + 0 + 5/10. What is the greatest common divisor of 99 and d?
9
Let a(n) = n**2 - n - 1. Let m be a(3). Suppose m*z - 686 = -136. Suppose 6 = -3*t, -3*f + 3*t - 2 = -38. Calculate the highest common factor of z and f.
10
Let d = -14 - -23. Let n be (-732)/(-9) + (-2)/6. What is the greatest common divisor of n and d?
9
Let p = 225 + -654. Let b be p/(-12) - 2/(-8). Let r be 0 - (0 + (0 - 4)). Calculate the highest common factor of r and b.
4
Let q(o) = -11*o**3 + 2*o**2. Let d be q(-2). What is the greatest common divisor of d and 32?
32
Let g = 62 + -44. Calculate the greatest common divisor of g and 45.
9
Let f be (-24)/63*15*(-7)/2. What is the greatest common factor of f and 100?
20
Suppose 3*u - 1317 = -5*c - 327, 5*c + 4*u = 990. What is the highest common factor of 18 and c?
18
Let u be 44 - -4*5/(-5). Calculate the greatest common divisor of u and 8.
8
Let o = 21 - 15. Let i(r) = -2*r + 4. Let d be 2/1 + (1 - 7). Let q be i(d). What is the highest common factor of q and o?
6
Let w(x) be the first derivative of -x**4/4 + 5*x**3/3 + x**2 + 4*x + 5. Let o be w(-4). What is the greatest common divisor of o and 20?
20
Let a = -6 + 9. Let w be 1 - (-24 - a - 0). What is the highest common factor of w and 70?
14
Let l(v) = -v + 27. Let z be l(9). Let b(c) = 6*c**2 + 3*c - 3. Let s be b(5). Calculate the greatest common divisor of s and z.
18
Let c be 24*-1 - (-3)/(-1). Let y be (30/9)/((-6)/c). Let l be (-3)/(-2)*80/y. Calculate the greatest common divisor of l and 8.
8
Let k(h) = 19 - 7 + 2*h**2 - h**2. Let b be k(0). Suppose 0*x = -5*x + 120. Calculate the highest common factor of b and x.
12
Let f = -14 + 28. Calculate the highest common divisor of 35 and f.
7
Suppose 0 = c + 4*s + 9, s = 2*s + 4. What is the greatest common factor of 21 and c?
7
Suppose -3*w = -2 - 10. What is the greatest common divisor of w and 20?
4
Suppose -q - 3*q = 0. Suppose -i + 63 = -q*i. What is the highest common divisor of 7 and i?
7
Let q be ((-2766)/(-48) - -5) + 6/16. Let t = 16 - 7. Calculate the highest common factor of t and q.
9
Let h be -1*6*(-10 - 1). What is the greatest common divisor of h and 6?
6
Let i = 11 + -7. What is the highest c